Is 43510787 a composite number?
False
Is 613061 prime?
True
Is 139364471 composite?
False
Is 617135 composite?
True
Is 17246059 a composite number?
True
Is 31587 a composite number?
True
Is 16507891 prime?
False
Is 14114327 a composite number?
True
Is 6073663 prime?
True
Is 3053537 a composite number?
False
Is 4572329 prime?
False
Is 24475637 a prime number?
True
Is 128197829 a prime number?
True
Is 2948573 prime?
True
Is 1644301 a composite number?
True
Is 1147561 prime?
True
Is 154335631 composite?
True
Is 869119 a prime number?
True
Is 117145771 a prime number?
True
Is 13957717 composite?
True
Is 15100793 a prime number?
False
Is 9390559 prime?
True
Is 266765243 composite?
False
Is 65573549 a prime number?
True
Is 2218123 composite?
True
Is 4366217 a prime number?
True
Is 25993733 prime?
False
Is 13620157 composite?
True
Is 143384177 composite?
True
Is 134202218 a composite number?
True
Is 2556661 prime?
True
Is 295332533 a composite number?
True
Is 1827071 a prime number?
True
Is 195142301 a composite number?
False
Is 3575951 a composite number?
True
Is 39812597 a prime number?
False
Is 683507 a composite number?
True
Is 12917591 prime?
False
Is 6509557 a composite number?
False
Is 87721859 prime?
False
Is 398669 composite?
False
Is 3729751 a composite number?
False
Is 1845349 a composite number?
True
Is 99548059 composite?
True
Is 42266933 prime?
True
Is 84263 a composite number?
False
Is 6240587 a composite number?
False
Is 264657643 a composite number?
True
Is 6705731 composite?
False
Is 12746143 a prime number?
True
Is 15129017 composite?
True
Is 14415119 a prime number?
True
Is 42929669 prime?
True
Is 820177 composite?
False
Is 33199051 composite?
True
Is 2104829 a prime number?
False
Is 14774347 a composite number?
True
Is 32139539 prime?
True
Is 427967 a composite number?
False
Is 206905 a composite number?
True
Is 164257867 a prime number?
True
Is 435300149 a composite number?
False
Is 38567261 a composite number?
False
Is 1073 a composite number?
True
Is 1282717 a prime number?
True
Is 99044317 composite?
False
Is 250226233 a prime number?
True
Is 4402709 prime?
False
Is 1091197 a prime number?
False
Is 4363111 a prime number?
True
Is 410335 prime?
False
Is 410278567 prime?
False
Is 24398733 a prime number?
False
Is 16201391 composite?
True
Is 325050293 prime?
False
Is 5565779 a composite number?
True
Is 191849 prime?
False
Is 566089 a prime number?
True
Is 15282317 composite?
True
Is 2154881 composite?
False
Is 11782093 composite?
True
Is 2263357 prime?
True
Is 560323 prime?
False
Is 1289161 composite?
True
Is 2386169 composite?
False
Is 1222889 composite?
False
Is 106661073 a composite number?
True
Is 236553223 a prime number?
True
Is 118830539 composite?
False
Is 20914099 prime?
True
Is 3135139 prime?
False
Is 36336011 prime?
True
Is 61644927 a prime number?
False
Is 118433065 composite?
True
Is 504269 a prime number?
True
Is 24717307 composite?
False
Is 32336791 prime?
False
Is 6213503 a prime number?
True
Is 359389109 a composite number?
False
Is 344987 a prime number?
True
Is 1233277 a composite number?
True
Is 381671 prime?
False
Is 958289 prime?
True
Is 342401645 composite?
True
Is 1266361 a composite number?
True
Is 184002017 composite?
True
Is 5766679 a prime number?
False
Is 6708751 prime?
False
Is 9091681 prime?
False
Is 32887159 prime?
True
Is 32499417 a prime number?
False
Is 156333529 composite?
True
Is 83649487 prime?
True
Is 21007583 a composite number?
False
Is 7403173 a prime number?
False
Is 13719961 prime?
True
Is 21442037 a composite number?
False
Is 829317 a prime number?
False
Is 1129103 composite?
False
Is 11815537 a composite number?
True
Is 1142123 a composite number?
True
Is 165200759 a composite number?
True
Is 5561579 composite?
False
Is 352481 a composite number?
False
Is 10936727 prime?
True
Is 69781461 composite?
True
Is 2360167 a composite number?
False
Is 5662039 composite?
False
Is 9339359 composite?
False
Is 9323557 a composite number?
False
Is 287783 composite?
False
Is 199730123 a prime number?
True
Is 86357963 prime?
False
Is 2133631 prime?
True
Is 485053 composite?
False
Is 787019 prime?
False
Is 129605941 a composite number?
False
Is 119986613 a composite number?
True
Is 2425349 prime?
True
Is 187696247 a composite number?
True
Is 924899 a composite number?
True
Is 799726885 a prime number?
False
Is 1499843 composite?
False
Is 42015107 a composite number?
True
Is 749641 prime?
True
Is 10105127 a prime number?
False
Is 58823866 a prime number?
False
Is 256907891 prime?
False
Is 929939 a composite number?
True
Is 921457 composite?
False
Is 16770491 a prime number?
False
Is 2551223 a prime number?
True
Is 32747539 composite?
True
Is 176223223 composite?
True
Is 20381443 a composite number?
False
Is 502393 composite?
False
Is 2781271 prime?
True
Is 5665195 composite?
True
Is 166835629 a composite number?
True
Is 3049903 composite?
False
Is 24049681 composite?
True
Is 56210741 prime?
True
Is 953773 a composite number?
False
Is 368582317 prime?
True
Is 161145449 a composite number?
False
Is 14557513 composite?
False
Is 79480061 a prime number?
False
Is 104268743 a composite number?
True
Is 11110769 a prime number?
True
Is 27116483 prime?
True
Is 36187 prime?
True
Is 12331301 a prime number?
True
Is 16415471 a prime number?
True
Is 13098805 prime?
False
Is 4572389 composite?
True
Is 2673809 a composite number?
True
Is 8879153 prime?
True
Is 1212319 a composite number?
False
Is 153687331 a prime number?
False
Is 19263 a composite number?
True
Is 1922929 a composite number?
True
Is 87115219 prime?
True
Is 2621149 composite?
True
Is 187075481 a prime number?
True
Is 51070807 composite?
False
Is 13378579 a prime number?
True
Is 43139263 a composite number?
False
Is 55240381 composite?
True
Is 97037893 composite?
False
Is 122427791 composite?
False
Is 12703423 a composite number?
True
Is 5271601 composite?
True
Is 166321 a composite number?
True
Is 89056501 prime?
True
Is 17407769 prime?
True
Is 5929177 prime?
True
Is 223807047 composite?
True
Is 7204697 a composite number?
False
Is 2815513 composite?
True
Is 9040711 a composite number?
False
Is 39876593 composite?
True
Is 48511709 a prime number?
True
Is 20053927 a composite number?
False
Is 4572317 a composite number?
False
Is 12984113 a prime number?
True
Is 1815407 prime?
False
Is 56054017 prime?
False
Is 19569761 a composite number?
False
Is 4919623 a prime number?
True
Is 30888062 prime?
False
Is 5176009 a composite number?
False
Is 1274989 composite?
False
Is 81361637 composite?
True
Is 372142 composite?
True
Is 3117071 composite?
False
Is 1305371 prime?
True
Is 5354021 prime?
False
Is 1357717 a prime number?
True
Is 37136227 a composite number?
False
Is 194072117 prime?
True
Is 1633067 prime?
True
Is 42486981 a prime number?
False
Is 36663721 a composite number?
True
Is 21990569 composite?
True
Is 100214407 prime?
False
Is 101810069 composite?
False
Is 1580599009 a prime number?
False
Is 1908485 prime?
False
Is 5923153 a composite number?
True
Is 286741019 prime?
False
Is 29108833 prime?
False
Is 10506757 composite?
False
Is 13647637 composite?
False
Is 25911695 prime?
False
Is 910199281 a prime number?
True
Is 56319659 prime?
False
Is 3859301 a prime number?
False
Is 19685481 composite?
True
Is 23487467 a composite number?
False
Is 323648393 composite?
False
Is 28031609 prime?
True
Is 257465167 prime?
True
Is 56161981 composite?
True
Is 153247 a composite number?
False
Is 110361821 a prime number?
True
Is 430681 a composite number?
True
Is 8052301 prime?
False
Is 3451759 a prime number?
True
Is 2511241 a composite number?
False
Is 26634059 a prime number?
False
Is 12264523 composite?
False
Is 477658 a prime number?
False
Is 8383871 composite?
True
Is 368170093 a composite number?
False
Is 6400591 a composite number?
False
Is 253656547 prime?
True
Is 4851933 composite?
True
Is 1042897 a composite number?
False
Is 15132257 a composite number?
True
Is 1728357 composite?
True
Is 29881213 a composite number?
False
Is 1374942259 prime?
False
Is 24863863 composite?
False
Is 70515287 a prime number?
True
Is 40961698 a prime number?
False
Is 9020747 a composite number?
False
Is 95457305 composite?
True
Is 3010831 a prime number?
True
Is 8852253 p